{"id":1419,"date":"2021-04-19T10:09:48","date_gmt":"2021-04-19T09:09:48","guid":{"rendered":"https:\/\/www.pierre-caillet.fr\/?page_id=1419"},"modified":"2021-04-20T07:23:29","modified_gmt":"2021-04-20T06:23:29","slug":"grandir-et-partir-2","status":"publish","type":"page","link":"https:\/\/www.pierre-caillet.fr\/?page_id=1419","title":{"rendered":"Grandir et Partir"},"content":{"rendered":"\n<pre class=\"wp-block-preformatted has-large-font-size\">UN FILM DOCUMENTAIRE DE JULIAN TERREAUX, PROD. CAPRA FILMS \/ CAPRA FILMS \/ FRANCE 3 \n(Musique Originale)\n<\/pre>\n\n\n\n<p>Un projet unique : celui de filmer pendant 5 ans plusieurs jeunes qui sont \u00e0 l\u2019aube de leur vie d\u2019adulte. GRANDIR ET PARTIR raconte l\u2019histoire de Damien, M\u00e9lanie et Ga\u00ebtan. Ils sont \u00e0 la p\u00e9riode charni\u00e8re de l\u2019entr\u00e9e dans la vie active, du premier logement, des premi\u00e8res amours. Ils vivent dans une campagne d\u00e9serte, qui semble oubli\u00e9e : le Morvan.<br>Comment grandit-on loin des grandes villes, dans ce coin de Bourgogne aussi beau que pauvre et d\u00e9peupl\u00e9 ? Quel chemin se fraye-t-on entre la fin de l\u2019adolescence et le commencement de la vie d\u2019adulte ? Comment trouve-t-on notre place ? Qu\u2019en est-il des jeunes de ces zones d\u2019arri\u00e8re-pays, \u00e9parpill\u00e9s, isol\u00e9s les uns des autres, sans infrastructure qui pourrait les rassembler ?<\/p>\n\n\n\n<p>Loin des clich\u00e9s des jeunes de banlieue, il existe une autre jeunesse dont on parle peu. Une jeunesse silencieuse, presque invisible, \u00e0 l\u2019\u00e9cart des grands centres urbains. Julian Terreaux a film\u00e9 Damien, M\u00e9lanie et Ga\u00ebtan sur cette p\u00e9riode de 5 ann\u00e9es, le temps de saisir leurs moments de doutes, leurs espoirs et les diff\u00e9rents changements dans leur vie, tant professionnels, physiques que sentimentaux\u2026<br> <br>  <br><\/p>\n\n\n\n<div class=\"wp-block-columns is-layout-flex wp-container-core-columns-is-layout-9d6595d7 wp-block-columns-is-layout-flex\">\n<div class=\"wp-block-column is-layout-flow wp-block-column-is-layout-flow\">\n<figure class=\"wp-block-image size-large\"><img loading=\"lazy\" decoding=\"async\" width=\"683\" height=\"1024\" src=\"https:\/\/www.pierre-caillet.fr\/wp-content\/uploads\/2021\/04\/MAQ3a3-683x1024.jpg\" alt=\"\" class=\"wp-image-1295\" srcset=\"https:\/\/www.pierre-caillet.fr\/wp-content\/uploads\/2021\/04\/MAQ3a3-683x1024.jpg 683w, https:\/\/www.pierre-caillet.fr\/wp-content\/uploads\/2021\/04\/MAQ3a3-200x300.jpg 200w, https:\/\/www.pierre-caillet.fr\/wp-content\/uploads\/2021\/04\/MAQ3a3-768x1151.jpg 768w, https:\/\/www.pierre-caillet.fr\/wp-content\/uploads\/2021\/04\/MAQ3a3-1025x1536.jpg 1025w, https:\/\/www.pierre-caillet.fr\/wp-content\/uploads\/2021\/04\/MAQ3a3.jpg 1334w\" sizes=\"auto, (max-width: 683px) 100vw, 683px\" \/><\/figure>\n<\/div>\n\n\n\n<div class=\"wp-block-column is-layout-flow wp-block-column-is-layout-flow\">\n<p>Musiciens :<br>Yohan Couix (Flute)<br>Franck Sibold (Basson)<br>Eric Lacrouts&nbsp;(Violon)<br>Ludovic Balla&nbsp;(Violon)<br>C\u00e9cille Grassi (Alto)<br>Cyrille Lacrouts&nbsp;(Violoncelle)<\/p>\n\n\n\n<p>Enregistrement &nbsp;:<br>Thomas Vintrignier au studio Sequenza<\/p>\n<\/div>\n<\/div>\n\n\n\n<p> <br><\/p>\n\n\n\n<figure class=\"wp-block-embed is-type-rich is-provider-soundcloud wp-block-embed-soundcloud wp-embed-aspect-4-3 wp-has-aspect-ratio\"><div class=\"wp-block-embed__wrapper\">\n<iframe loading=\"lazy\" title=\"Va Et Deviens M2 by Pierre Caillet\" width=\"750\" height=\"400\" scrolling=\"no\" frameborder=\"no\" src=\"https:\/\/w.soundcloud.com\/player\/?visual=true&#038;url=https%3A%2F%2Fapi.soundcloud.com%2Ftracks%2F712184149&#038;show_artwork=true&#038;maxwidth=750&#038;maxheight=1000&#038;dnt=1\"><\/iframe>\n<\/div><\/figure>\n\n\n\n<p> <br><\/p>\n","protected":false},"excerpt":{"rendered":"<p>UN FILM DOCUMENTAIRE DE JULIAN TERREAUX, PROD. CAPRA FILMS \/ CAPRA FILMS \/ FRANCE 3 (Musique Originale) Un projet unique : celui de filmer pendant 5 ans plusieurs jeunes qui sont \u00e0 l\u2019aube de leur vie d\u2019adulte. GRANDIR ET PARTIR raconte l\u2019histoire de Damien, M\u00e9lanie et Ga\u00ebtan. Ils sont \u00e0 la p\u00e9riode charni\u00e8re de l\u2019entr\u00e9e&hellip; <a class=\"more-link\" href=\"https:\/\/www.pierre-caillet.fr\/?page_id=1419\">Poursuivre la lecture <span class=\"screen-reader-text\">Grandir et Partir<\/span><\/a><\/p>\n","protected":false},"author":1,"featured_media":0,"parent":0,"menu_order":0,"comment_status":"closed","ping_status":"closed","template":"","meta":{"footnotes":""},"class_list":["post-1419","page","type-page","status-publish","hentry","entry"],"_links":{"self":[{"href":"https:\/\/www.pierre-caillet.fr\/index.php?rest_route=\/wp\/v2\/pages\/1419","targetHints":{"allow":["GET"]}}],"collection":[{"href":"https:\/\/www.pierre-caillet.fr\/index.php?rest_route=\/wp\/v2\/pages"}],"about":[{"href":"https:\/\/www.pierre-caillet.fr\/index.php?rest_route=\/wp\/v2\/types\/page"}],"author":[{"embeddable":true,"href":"https:\/\/www.pierre-caillet.fr\/index.php?rest_route=\/wp\/v2\/users\/1"}],"replies":[{"embeddable":true,"href":"https:\/\/www.pierre-caillet.fr\/index.php?rest_route=%2Fwp%2Fv2%2Fcomments&post=1419"}],"version-history":[{"count":11,"href":"https:\/\/www.pierre-caillet.fr\/index.php?rest_route=\/wp\/v2\/pages\/1419\/revisions"}],"predecessor-version":[{"id":1513,"href":"https:\/\/www.pierre-caillet.fr\/index.php?rest_route=\/wp\/v2\/pages\/1419\/revisions\/1513"}],"wp:attachment":[{"href":"https:\/\/www.pierre-caillet.fr\/index.php?rest_route=%2Fwp%2Fv2%2Fmedia&parent=1419"}],"curies":[{"name":"wp","href":"https:\/\/api.w.org\/{rel}","templated":true}]}}