{"id":1527,"date":"2021-04-20T08:29:10","date_gmt":"2021-04-20T07:29:10","guid":{"rendered":"https:\/\/www.pierre-caillet.fr\/?page_id=1527"},"modified":"2021-04-20T08:36:11","modified_gmt":"2021-04-20T07:36:11","slug":"dans-les-eaux-profondes-in-deep-water-2","status":"publish","type":"page","link":"https:\/\/www.pierre-caillet.fr\/?page_id=1527","title":{"rendered":"Dans les eaux profondes \/ In deep water"},"content":{"rendered":"\n<pre class=\"wp-block-preformatted has-large-font-size\">UN FILM DE SARAH VAN DEN BOOM, PROD. PAPY3D - ONF\/NFB\n(Musique Originale)\n<\/pre>\n\n\n\n<p>Trois personnages ont en commun un v\u00e9cu intime et secret qui semble d\u00e9terminer leur vie\u2026<\/p>\n\n\n\n<p>Three characters have in common a secret and intimate experience which seems to have a strong impact on their life\u2026<br> <br> <br> <\/p>\n\n\n\n<figure class=\"wp-block-embed is-type-video is-provider-vimeo wp-block-embed-vimeo wp-embed-aspect-16-9 wp-has-aspect-ratio\"><div class=\"wp-block-embed__wrapper\">\n<iframe loading=\"lazy\" title=\"Bande-annonce Dans les eaux profondes \/ Trailer In Deep Waters\" src=\"https:\/\/player.vimeo.com\/video\/115118905?dnt=1&amp;app_id=122963\" width=\"750\" height=\"422\" frameborder=\"0\" allow=\"autoplay; fullscreen; picture-in-picture\" allowfullscreen><\/iframe>\n<\/div><\/figure>\n\n\n\n<p> <br><\/p>\n\n\n\n<div class=\"wp-block-columns is-layout-flex wp-container-core-columns-is-layout-9d6595d7 wp-block-columns-is-layout-flex\">\n<div class=\"wp-block-column is-layout-flow wp-block-column-is-layout-flow\">\n<figure class=\"wp-block-image size-full is-resized\"><img loading=\"lazy\" decoding=\"async\" src=\"https:\/\/www.pierre-caillet.fr\/wp-content\/uploads\/2011\/05\/eauprof.png\" alt=\"\" class=\"wp-image-301\" width=\"361\" height=\"483\" srcset=\"https:\/\/www.pierre-caillet.fr\/wp-content\/uploads\/2011\/05\/eauprof.png 481w, https:\/\/www.pierre-caillet.fr\/wp-content\/uploads\/2011\/05\/eauprof-224x300.png 224w, https:\/\/www.pierre-caillet.fr\/wp-content\/uploads\/2011\/05\/eauprof-112x150.png 112w, https:\/\/www.pierre-caillet.fr\/wp-content\/uploads\/2011\/05\/eauprof-400x535.png 400w\" sizes=\"auto, (max-width: 361px) 100vw, 361px\" \/><\/figure>\n<\/div>\n\n\n\n<div class=\"wp-block-column is-layout-flow wp-block-column-is-layout-flow\">\n<div class=\"wp-block-columns is-layout-flex wp-container-core-columns-is-layout-9d6595d7 wp-block-columns-is-layout-flex\">\n<div class=\"wp-block-column is-layout-flow wp-block-column-is-layout-flow\" style=\"flex-basis:100%\">\n<p>Musiciens :<br>Julie Triquet &amp; Dominic Guilbault : violon<br>Anne Beaudry : alto<br>Alain Aubut : violoncelle<br>Denis Chartrand : piano<br>\u00c9veline Gr\u00e9goire-Rousseau : harpe<br>Daniel Bellegarde : percussions<br>CHOEUR D\u2019ENFANTS (Petits chanteurs du Mont-Royal) :&nbsp;Axel Dansereau, Julian Knight, Zexi Li, Alexis Maranda-Desprez, Matija Mitojevic, Mathias Vecchio &amp; Gilbert Patenaude (Chef de choeur)<\/p>\n\n\n\n<p>ENREGISTREMENT MUSIQUE \u00a0:\u00a0Geoffrey Mitchell, Padraig Buttner-Schnirer au studio B de l\u2019ONF<\/p>\n\n\n\n<p>Producteur d\u00e9l\u00e9gu\u00e9 de la musique :&nbsp;<br>Pierre Caillet<\/p>\n<\/div>\n<\/div>\n<\/div>\n<\/div>\n\n\n\n<p> <\/p>\n\n\n\n<p><\/p>\n\n\n\n<p class=\"has-large-font-size\"><strong> Prix et distinctions :<\/strong><\/p>\n\n\n\n<ul class=\"has-gray-background-color has-background wp-block-list\"><li>Prix festivals Connexion \u2013 R\u00e9gion Rh\u00f4ne-Alpes au festival d\u2019Annecy 2015<\/li><li>Prix de la critique Festival Off Courts de Trouville<\/li><li>Second Prix national au Festival international du court m\u00e9trage de Lille<\/li><li>Mention \u00ab&nbsp;Profondeur&nbsp;\u00bb du Jury Jeune au Festival du Film de Saint-Paul Trois Ch\u00e2teaux 2015<\/li><li>Mention sp\u00e9ciale \u00e0 Espinho Cinanima 2015<\/li><li>Prix du Meilleur court-m\u00e9trage fran\u00e7ais \u00e0 Ris-Orangis Cinessonne 2015<\/li><li>Prix \u00ab&nbsp;Pertinence&nbsp;\u00bb du Jury aux Nuits Magiques de B\u00e8gles 2015<\/li><li><strong>Prix SACEM de la meilleure musique originale au festival de Clermont Ferrand<\/strong><\/li><li>Spirit Award For Animation au Festival du film de Brooklyn 2016<\/li><li>Mention sp\u00e9ciale du jury au festival BD6N\u00e9 2016 de Paris<\/li><li><strong>Coup de C\u0153ur musical du jury pour le travail de Pierre Caillet dans les films \u00ab&nbsp;R\u00eave d\u2019enfant&nbsp;\u00bb, \u00ab&nbsp;Dans les eaux profondes&nbsp;\u00bb et \u00ab&nbsp;Une T\u00eate dispara\u00eet&nbsp;\u00bb au Festival International du Film d\u2019Animation de Paris 2016<\/strong><\/li><li>S\u00e9lectionn\u00e9 pour les C\u00e9sars 20161<\/li><\/ul>\n\n\n\n<figure class=\"wp-block-embed is-type-rich is-provider-soundcloud wp-block-embed-soundcloud wp-embed-aspect-4-3 wp-has-aspect-ratio\"><div class=\"wp-block-embed__wrapper\">\n<iframe loading=\"lazy\" title=\"Dans les eaux profondes \/ In deep waters-Prix de la musique Clermont Ferrand 16 by Pierre Caillet\" width=\"750\" height=\"450\" scrolling=\"no\" frameborder=\"no\" src=\"https:\/\/w.soundcloud.com\/player\/?visual=true&#038;url=https%3A%2F%2Fapi.soundcloud.com%2Fplaylists%2F72683739&#038;show_artwork=true&#038;maxwidth=750&#038;maxheight=1000&#038;dnt=1\"><\/iframe>\n<\/div><\/figure>\n","protected":false},"excerpt":{"rendered":"<p>UN FILM DE SARAH VAN DEN BOOM, PROD. PAPY3D &#8211; ONF\/NFB (Musique Originale) Trois personnages ont en commun un v\u00e9cu intime et secret qui semble d\u00e9terminer leur vie\u2026 Three characters have in common a secret and intimate experience which seems to have a strong impact on their life\u2026 Musiciens :Julie Triquet &amp; Dominic Guilbault :&hellip; <a class=\"more-link\" href=\"https:\/\/www.pierre-caillet.fr\/?page_id=1527\">Poursuivre la lecture <span class=\"screen-reader-text\">Dans les eaux profondes \/ In deep water<\/span><\/a><\/p>\n","protected":false},"author":1,"featured_media":0,"parent":0,"menu_order":0,"comment_status":"closed","ping_status":"closed","template":"","meta":{"footnotes":""},"class_list":["post-1527","page","type-page","status-publish","hentry","entry"],"_links":{"self":[{"href":"https:\/\/www.pierre-caillet.fr\/index.php?rest_route=\/wp\/v2\/pages\/1527","targetHints":{"allow":["GET"]}}],"collection":[{"href":"https:\/\/www.pierre-caillet.fr\/index.php?rest_route=\/wp\/v2\/pages"}],"about":[{"href":"https:\/\/www.pierre-caillet.fr\/index.php?rest_route=\/wp\/v2\/types\/page"}],"author":[{"embeddable":true,"href":"https:\/\/www.pierre-caillet.fr\/index.php?rest_route=\/wp\/v2\/users\/1"}],"replies":[{"embeddable":true,"href":"https:\/\/www.pierre-caillet.fr\/index.php?rest_route=%2Fwp%2Fv2%2Fcomments&post=1527"}],"version-history":[{"count":5,"href":"https:\/\/www.pierre-caillet.fr\/index.php?rest_route=\/wp\/v2\/pages\/1527\/revisions"}],"predecessor-version":[{"id":1534,"href":"https:\/\/www.pierre-caillet.fr\/index.php?rest_route=\/wp\/v2\/pages\/1527\/revisions\/1534"}],"wp:attachment":[{"href":"https:\/\/www.pierre-caillet.fr\/index.php?rest_route=%2Fwp%2Fv2%2Fmedia&parent=1527"}],"curies":[{"name":"wp","href":"https:\/\/api.w.org\/{rel}","templated":true}]}}